{"id":119,"date":"2023-06-29T17:39:47","date_gmt":"2023-06-29T17:39:47","guid":{"rendered":"https:\/\/soundcheck-veranstaltungsservice.de\/?page_id=119"},"modified":"2026-01-09T10:50:30","modified_gmt":"2026-01-09T10:50:30","slug":"home","status":"publish","type":"page","link":"https:\/\/soundcheck-veranstaltungsservice.de\/","title":{"rendered":"Home"},"content":{"rendered":"\n<p class=\"has-text-align-center\"><strong>Herzlich Willkommen bei<\/strong><\/p>\n\n\n\n<figure class=\"wp-block-image size-large is-resized is-style-default\" id=\"https:\/\/soundcheck-veranstaltungsservice.de\/\"><img loading=\"lazy\" decoding=\"async\" width=\"1024\" height=\"305\" src=\"https:\/\/soundcheck-veranstaltungsservice.de\/wp-content\/uploads\/2023\/06\/Soundcheck-Logo-1024x305.png\" alt=\"\" class=\"wp-image-33\" style=\"width:816px;height:243px\" srcset=\"https:\/\/soundcheck-veranstaltungsservice.de\/wp-content\/uploads\/2023\/06\/Soundcheck-Logo-1024x305.png 1024w, https:\/\/soundcheck-veranstaltungsservice.de\/wp-content\/uploads\/2023\/06\/Soundcheck-Logo-300x89.png 300w, https:\/\/soundcheck-veranstaltungsservice.de\/wp-content\/uploads\/2023\/06\/Soundcheck-Logo-768x229.png 768w, https:\/\/soundcheck-veranstaltungsservice.de\/wp-content\/uploads\/2023\/06\/Soundcheck-Logo-1536x458.png 1536w, https:\/\/soundcheck-veranstaltungsservice.de\/wp-content\/uploads\/2023\/06\/Soundcheck-Logo.png 1880w\" sizes=\"auto, (max-width: 1024px) 100vw, 1024px\" \/><\/figure>\n\n\n\n<p class=\"has-text-align-center\"><strong><sup><sub><mark style=\"background-color:rgba(0, 0, 0, 0)\" class=\"has-inline-color has-vivid-red-color\">Ihrem Full-Service Dienstleister aus Duisburg<\/mark><\/sub><\/sup><\/strong><\/p>\n\n\n\n<p><\/p>\n\n\n\n<p><\/p>\n\n\n\n<p class=\"has-text-align-left\">Wir haben unseren Internetauftritt von Grund auf \u00fcberarbeitet und technisch sowie optisch auf den neuesten Stand gebracht. So k\u00f6nnen Sie schnell und unkompliziert Kontakt zu uns aufnehmen und sich einen \u00dcberblick \u00fcber unser vielseitiges Leistungsspektrum verschaffen.<\/p>\n\n\n\n<p>Planen Sie eine Veranstaltung? Dann sind Sie bei uns genau richtig. Wir unterst\u00fctzen Sie nicht nur bei der Zusammenstellung aller ben\u00f6tigten Komponenten, sondern <strong>betreuen Ihre Veranstaltung auf Wunsch auch komplett \u2013 von der Planung bis zur Umsetzung vor Ort<\/strong>.<br>Das passende Equipment stellen wir selbstverst\u00e4ndlich bereit. Dar\u00fcber hinaus vermitteln wir Ihnen professionelle Entertainer wie Moderatoren, Magier, Clowns, Bands oder Gesangsk\u00fcnstler.<\/p>\n\n\n\n<p>Wir w\u00fcnschen Ihnen viel Freude beim Entdecken unserer Website!<\/p>\n\n\n\n<p class=\"has-text-align-left\">Ihr<br><strong>Soundcheck Veranstaltungsservice Team<\/strong><\/p>\n","protected":false},"excerpt":{"rendered":"<p>Herzlich Willkommen bei Ihrem Full-Service Dienstleister aus Duisburg Wir haben unseren Internetauftritt von Grund auf \u00fcberarbeitet und technisch sowie optisch auf den neuesten Stand gebracht. So k\u00f6nnen Sie schnell und unkompliziert Kontakt zu uns aufnehmen und sich einen \u00dcberblick \u00fcber unser vielseitiges Leistungsspektrum verschaffen. Planen Sie eine Veranstaltung? Dann sind Sie bei uns genau richtig. [&hellip;]<\/p>\n","protected":false},"author":1,"featured_media":0,"parent":0,"menu_order":0,"comment_status":"closed","ping_status":"closed","template":"","meta":{"footnotes":""},"class_list":["post-119","page","type-page","status-publish","hentry"],"_links":{"self":[{"href":"https:\/\/soundcheck-veranstaltungsservice.de\/index.php?rest_route=\/wp\/v2\/pages\/119","targetHints":{"allow":["GET"]}}],"collection":[{"href":"https:\/\/soundcheck-veranstaltungsservice.de\/index.php?rest_route=\/wp\/v2\/pages"}],"about":[{"href":"https:\/\/soundcheck-veranstaltungsservice.de\/index.php?rest_route=\/wp\/v2\/types\/page"}],"author":[{"embeddable":true,"href":"https:\/\/soundcheck-veranstaltungsservice.de\/index.php?rest_route=\/wp\/v2\/users\/1"}],"replies":[{"embeddable":true,"href":"https:\/\/soundcheck-veranstaltungsservice.de\/index.php?rest_route=%2Fwp%2Fv2%2Fcomments&post=119"}],"version-history":[{"count":16,"href":"https:\/\/soundcheck-veranstaltungsservice.de\/index.php?rest_route=\/wp\/v2\/pages\/119\/revisions"}],"predecessor-version":[{"id":407,"href":"https:\/\/soundcheck-veranstaltungsservice.de\/index.php?rest_route=\/wp\/v2\/pages\/119\/revisions\/407"}],"wp:attachment":[{"href":"https:\/\/soundcheck-veranstaltungsservice.de\/index.php?rest_route=%2Fwp%2Fv2%2Fmedia&parent=119"}],"curies":[{"name":"wp","href":"https:\/\/api.w.org\/{rel}","templated":true}]}}